[INFO] cloning repository https://github.com/luisbebop/calakmul
[INFO] running `Command { std: "git" "-c" "credential.helper=" "-c" "credential.helper=/workspace/cargo-home/bin/git-credential-null" "clone" "--bare" "https://github.com/luisbebop/calakmul" "/workspace/cache/git-repos/https%3A%2F%2Fgithub.com%2Fluisbebop%2Fcalakmul", kill_on_drop: false }`
[INFO] [stderr] Cloning into bare repository '/workspace/cache/git-repos/https%3A%2F%2Fgithub.com%2Fluisbebop%2Fcalakmul'...
[INFO] running `Command { std: "git" "rev-parse" "HEAD", kill_on_drop: false }`
[INFO] [stdout] 46addf63636a7e6798543dbce854cff188c9913e
[INFO] checking luisbebop/calakmul against try#72f88fc4e9458f89516a0b8b0868f3718aec5b47 for pr-74989
[INFO] running `Command { std: "git" "clone" "/workspace/cache/git-repos/https%3A%2F%2Fgithub.com%2Fluisbebop%2Fcalakmul" "/workspace/builds/worker-0/source", kill_on_drop: false }`
[INFO] [stderr] Cloning into '/workspace/builds/worker-0/source'...
[INFO] [stderr] done.
[INFO] validating manifest of git repo https://github.com/luisbebop/calakmul on toolchain 72f88fc4e9458f89516a0b8b0868f3718aec5b47
[INFO] running `Command { std: "/workspace/cargo-home/bin/cargo" "+72f88fc4e9458f89516a0b8b0868f3718aec5b47" "read-manifest" "--manifest-path" "Cargo.toml", kill_on_drop: false }`
[INFO] started tweaking git repo https://github.com/luisbebop/calakmul
[INFO] finished tweaking git repo https://github.com/luisbebop/calakmul
[INFO] tweaked toml for git repo https://github.com/luisbebop/calakmul written to /workspace/builds/worker-0/source/Cargo.toml
[INFO] crate git repo https://github.com/luisbebop/calakmul already has a lockfile, it will not be regenerated
[INFO] running `Command { std: "/workspace/cargo-home/bin/cargo" "+72f88fc4e9458f89516a0b8b0868f3718aec5b47" "fetch" "--locked" "--manifest-path" "Cargo.toml", kill_on_drop: false }`
[INFO] [stderr]     Updating git repository `https://github.com/artichoke/artichoke`
[INFO] [stderr]     Updating git repository `https://github.com/artichoke/rust-onig`
[INFO] [stderr]     Updating git submodule `https://github.com/kkos/oniguruma.git`
[INFO] [stderr]     Blocking waiting for file lock on package cache
[INFO] [stderr]  Downloading crates ...
[INFO] [stderr]   Downloaded libp2p-yamux v0.18.0
[INFO] [stderr]   Downloaded libp2p-swarm v0.18.1
[INFO] [stderr]   Downloaded async-tls v0.7.0
[INFO] [stderr]   Downloaded libp2p-secio v0.18.0
[INFO] [stderr]   Downloaded structopt-derive v0.4.6
[INFO] [stderr]   Downloaded rustyline v6.1.1
[INFO] [stderr]   Downloaded libp2p-core-derive v0.18.0
[INFO] [stderr]   Downloaded target-lexicon v0.10.0
[INFO] [stderr]   Downloaded structopt v0.3.13
[INFO] [stderr]   Downloaded bindgen v0.53.2
[INFO] [stderr]   Downloaded multimap v0.8.1
[INFO] [stderr]   Downloaded utf8parse v0.2.0
[INFO] [stderr]   Downloaded libp2p-mdns v0.18.0
[INFO] [stderr]   Downloaded libp2p-mplex v0.18.0
[INFO] [stderr]   Downloaded multihash v0.10.1
[INFO] [stderr]   Downloaded parity-multiaddr v0.8.0
[INFO] [stderr]   Downloaded unsigned-varint v0.3.3
[INFO] [stderr]   Downloaded libp2p v0.18.1
[INFO] [stderr]   Downloaded libp2p-dns v0.18.0
[INFO] [stderr]   Downloaded libp2p-core v0.18.0
[INFO] [stderr]   Downloaded multistream-select v0.8.0
[INFO] [stderr]   Downloaded libp2p-tcp v0.18.0
[INFO] [stderr]   Downloaded quicksink v0.1.2
[INFO] [stderr]   Downloaded yamux v0.4.5
[INFO] [stderr]   Downloaded blake2s_simd v0.5.10
[INFO] [stderr]   Downloaded libp2p-websocket v0.18.0
[INFO] [stderr]   Downloaded libp2p-wasm-ext v0.18.0
[INFO] [stderr]   Downloaded libp2p-pnet v0.18.0
[INFO] [stderr]   Downloaded libp2p-deflate v0.18.0
[INFO] [stderr]   Downloaded libp2p-noise v0.18.0
[INFO] [stderr]   Downloaded libp2p-floodsub v0.18.0
[INFO] [stderr]   Downloaded libp2p-uds v0.18.0
[INFO] [stderr]   Downloaded libp2p-ping v0.18.0
[INFO] [stderr]   Downloaded libp2p-identify v0.18.0
[INFO] [stderr]   Downloaded libp2p-plaintext v0.18.0
[INFO] [stderr]   Downloaded libp2p-gossipsub v0.18.0
[INFO] [stderr]   Downloaded libp2p-kad v0.18.0
[INFO] running `Command { std: "docker" "create" "-v" "/var/lib/crater-agent-workspace/builds/worker-0/target:/opt/rustwide/target:rw,Z" "-v" "/var/lib/crater-agent-workspace/builds/worker-0/source:/opt/rustwide/workdir:ro,Z" "-v" "/var/lib/crater-agent-workspace/cargo-home:/opt/rustwide/cargo-home:ro,Z" "-v" "/var/lib/crater-agent-workspace/rustup-home:/opt/rustwide/rustup-home:ro,Z" "-e" "SOURCE_DIR=/opt/rustwide/workdir" "-e" "CARGO_TARGET_DIR=/opt/rustwide/target" "-e" "CARGO_HOME=/opt/rustwide/cargo-home" "-e" "RUSTUP_HOME=/opt/rustwide/rustup-home" "-w" "/opt/rustwide/workdir" "-m" "1610612736" "--user" "0:0" "--network" "none" "rustops/crates-build-env@sha256:d92eaeed33fa75130ca1ee6c8a01d1ffb62bac859dfdfb3450e3e5d1c0146529" "/opt/rustwide/cargo-home/bin/cargo" "+72f88fc4e9458f89516a0b8b0868f3718aec5b47" "metadata" "--no-deps" "--format-version=1", kill_on_drop: false }`
[INFO] [stderr] WARNING: Your kernel does not support swap limit capabilities or the cgroup is not mounted. Memory limited without swap.
[INFO] [stdout] af9d8c3e86402b33913d373e89fcaa1adc63784ae10d69dabd6792673a4b135d
[INFO] running `Command { std: "docker" "start" "-a" "af9d8c3e86402b33913d373e89fcaa1adc63784ae10d69dabd6792673a4b135d", kill_on_drop: false }`
[INFO] running `Command { std: "docker" "inspect" "af9d8c3e86402b33913d373e89fcaa1adc63784ae10d69dabd6792673a4b135d", kill_on_drop: false }`
[INFO] running `Command { std: "docker" "rm" "-f" "af9d8c3e86402b33913d373e89fcaa1adc63784ae10d69dabd6792673a4b135d", kill_on_drop: false }`
[INFO] [stdout] af9d8c3e86402b33913d373e89fcaa1adc63784ae10d69dabd6792673a4b135d
[INFO] running `Command { std: "docker" "create" "-v" "/var/lib/crater-agent-workspace/builds/worker-0/target:/opt/rustwide/target:rw,Z" "-v" "/var/lib/crater-agent-workspace/builds/worker-0/source:/opt/rustwide/workdir:ro,Z" "-v" "/var/lib/crater-agent-workspace/cargo-home:/opt/rustwide/cargo-home:ro,Z" "-v" "/var/lib/crater-agent-workspace/rustup-home:/opt/rustwide/rustup-home:ro,Z" "-e" "SOURCE_DIR=/opt/rustwide/workdir" "-e" "CARGO_TARGET_DIR=/opt/rustwide/target" "-e" "CARGO_INCREMENTAL=0" "-e" "RUST_BACKTRACE=full" "-e" "RUSTFLAGS=--cap-lints=forbid" "-e" "CARGO_HOME=/opt/rustwide/cargo-home" "-e" "RUSTUP_HOME=/opt/rustwide/rustup-home" "-w" "/opt/rustwide/workdir" "-m" "1610612736" "--user" "0:0" "--network" "none" "rustops/crates-build-env@sha256:d92eaeed33fa75130ca1ee6c8a01d1ffb62bac859dfdfb3450e3e5d1c0146529" "/opt/rustwide/cargo-home/bin/cargo" "+72f88fc4e9458f89516a0b8b0868f3718aec5b47" "check" "--frozen" "--all" "--all-targets" "--message-format=json", kill_on_drop: false }`
[INFO] [stdout] 333340b2e7580a43dd62394481eca5f57cc2f3a76679f7eac13bae56b99578be
[INFO] [stderr] WARNING: Your kernel does not support swap limit capabilities or the cgroup is not mounted. Memory limited without swap.
[INFO] running `Command { std: "docker" "start" "-a" "333340b2e7580a43dd62394481eca5f57cc2f3a76679f7eac13bae56b99578be", kill_on_drop: false }`
[INFO] [stderr]     Blocking waiting for file lock on package cache
[INFO] [stderr]    Compiling unicode-xid v0.2.0
[INFO] [stderr]    Compiling syn v1.0.17
[INFO] [stderr]    Compiling autocfg v1.0.0
[INFO] [stderr]    Compiling getrandom v0.1.14
[INFO] [stderr]    Compiling cfg-if v0.1.10
[INFO] [stderr]    Compiling memchr v2.3.3
[INFO] [stderr]    Compiling either v1.5.3
[INFO] [stderr]    Compiling unicode-segmentation v1.6.0
[INFO] [stderr]     Checking lazy_static v1.4.0
[INFO] [stderr]    Compiling proc-macro-hack v0.5.15
[INFO] [stderr]    Compiling fixedbitset v0.2.0
[INFO] [stderr]     Checking futures-core v0.3.4
[INFO] [stderr]    Compiling proc-macro-nested v0.1.4
[INFO] [stderr]     Checking pin-utils v0.1.0-alpha.4
[INFO] [stderr]     Checking futures-io v0.3.4
[INFO] [stderr]     Checking futures-task v0.3.4
[INFO] [stderr]     Checking ppv-lite86 v0.2.6
[INFO] [stderr]     Checking smallvec v1.3.0
[INFO] [stderr]     Checking bytes v0.5.4
[INFO] [stderr]     Checking spin v0.5.2
[INFO] [stderr]     Checking static_assertions v1.1.0
[INFO] [stderr]     Checking subtle v2.2.2
[INFO] [stderr]    Compiling semver-parser v0.7.0
[INFO] [stderr]     Checking arrayvec v0.5.1
[INFO] [stderr]    Compiling serde v1.0.106
[INFO] [stderr]     Checking percent-encoding v2.1.0
[INFO] [stderr]     Checking fnv v1.0.6
[INFO] [stderr]     Checking bs58 v0.3.0
[INFO] [stderr]    Compiling maybe-uninit v2.0.0
[INFO] [stderr]    Compiling bitflags v1.2.1
[INFO] [stderr]    Compiling pkg-config v0.3.17
[INFO] [stderr]    Compiling bindgen v0.53.2
[INFO] [stderr]    Compiling peeking_take_while v0.1.2
[INFO] [stderr]    Compiling rustc-hash v1.1.0
[INFO] [stderr]    Compiling shlex v0.1.1
[INFO] [stderr]     Checking once_cell v1.3.1
[INFO] [stderr]    Compiling target-lexicon v0.10.0
[INFO] [stderr]    Compiling autocfg v0.1.7
[INFO] [stderr]     Checking itoa v0.4.5
[INFO] [stderr]     Checking base64 v0.11.0
[INFO] [stderr]     Checking futures-timer v2.0.2
[INFO] [stderr]     Checking unicode-width v0.1.7
[INFO] [stderr]     Checking quick-error v1.2.3
[INFO] [stderr]    Compiling libm v0.2.1
[INFO] [stderr]     Checking regex-syntax v0.6.17
[INFO] [stderr]     Checking c_linked_list v1.1.1
[INFO] [stderr]     Checking strsim v0.8.0
[INFO] [stderr]     Checking nohash-hasher v0.2.0
[INFO] [stderr]     Checking ansi_term v0.11.0
[INFO] [stderr]     Checking byteorder v0.5.3
[INFO] [stderr]     Checking vec_map v0.8.1
[INFO] [stderr]     Checking artichoke-core v0.1.0 (https://github.com/artichoke/artichoke#1bd7af55)
[INFO] [stderr]     Checking utf8parse v0.2.0
[INFO] [stderr]     Checking dtoa v0.4.5
[INFO] [stderr]     Checking parity-send-wrapper v0.1.0
[INFO] [stderr]     Checking hex v0.4.2
[INFO] [stderr]     Checking termcolor v1.1.0
[INFO] [stderr]     Checking thread_local v1.0.1
[INFO] [stderr]     Checking lock_api v0.3.4
[INFO] [stderr]     Checking futures-channel v0.3.4
[INFO] [stderr]     Checking chacha20-poly1305-aead v0.1.2
[INFO] [stderr]    Compiling itertools v0.8.2
[INFO] [stderr]     Checking unicode-normalization v0.1.12
[INFO] [stderr]    Compiling nom v5.1.1
[INFO] [stderr]    Compiling proc-macro-error-attr v1.0.2
[INFO] [stderr]    Compiling proc-macro-error v1.0.2
[INFO] [stderr]    Compiling clang-sys v0.29.3
[INFO] [stderr]    Compiling semver v0.9.0
[INFO] [stderr]    Compiling heck v0.3.1
[INFO] [stderr]     Checking blake2b_simd v0.5.10
[INFO] [stderr]     Checking blake2s_simd v0.5.10
[INFO] [stderr]    Compiling indexmap v1.3.2
[INFO] [stderr]    Compiling num-traits v0.2.11
[INFO] [stderr]    Compiling crossbeam-utils v0.7.2
[INFO] [stderr]    Compiling num-integer v0.1.42
[INFO] [stderr]    Compiling memoffset v0.5.4
[INFO] [stderr]    Compiling crossbeam-epoch v0.8.2
[INFO] [stderr]     Checking quicksink v0.1.2
[INFO] [stderr]     Checking miniz_oxide v0.3.6
[INFO] [stderr]     Checking http v0.2.1
[INFO] [stderr]     Checking textwrap v0.11.0
[INFO] [stderr]     Checking humantime v1.3.0
[INFO] [stderr]    Compiling libc v0.2.69
[INFO] [stderr]    Compiling proc-macro2 v1.0.10
[INFO] [stderr]    Compiling log v0.4.8
[INFO] [stderr]    Compiling anyhow v1.0.28
[INFO] [stderr]    Compiling hashbrown v0.6.3
[INFO] [stderr]     Checking crc32fast v1.2.0
[INFO] [stderr]    Compiling rustc_version v0.2.3
[INFO] [stderr]     Checking parking_lot_core v0.7.1
[INFO] [stderr]     Checking iovec v0.1.4
[INFO] [stderr]     Checking net2 v0.2.33
[INFO] [stderr]     Checking async-task v1.3.1
[INFO] [stderr]     Checking atty v0.2.14
[INFO] [stderr]     Checking rand v0.4.6
[INFO] [stderr]     Checking get_if_addrs v0.5.3
[INFO] [stderr]     Checking dns-parser v0.8.0
[INFO] [stderr]     Checking uint v0.8.2
[INFO] [stderr]     Checking idna v0.2.0
[INFO] [stderr]     Checking blake2-rfc v0.2.18
[INFO] [stderr]     Checking kv-log-macro v1.0.4
[INFO] [stderr]    Compiling aho-corasick v0.7.10
[INFO] [stderr]     Checking bstr v0.2.12
[INFO] [stderr]    Compiling quote v1.0.3
[INFO] [stderr]     Checking smallvec v0.6.13
[INFO] [stderr]     Checking nix v0.17.0
[INFO] [stderr]     Checking clap v2.33.0
[INFO] [stderr]     Checking block-buffer v0.7.3
[INFO] [stderr]     Checking stream-cipher v0.3.2
[INFO] [stderr]     Checking rand_core v0.5.1
[INFO] [stderr]    Compiling parking_lot_core v0.6.2
[INFO] [stderr]    Compiling parking_lot v0.9.0
[INFO] [stderr]    Compiling snow v0.6.2
[INFO] [stderr]     Checking parking_lot v0.10.2
[INFO] [stderr]     Checking mio v0.6.21
[INFO] [stderr]     Checking crossbeam-channel v0.4.2
[INFO] [stderr]     Checking rand v0.3.23
[INFO] [stderr]    Compiling petgraph v0.5.0
[INFO] [stderr]     Checking url v2.1.1
[INFO] [stderr]     Checking aes-soft v0.3.3
[INFO] [stderr]     Checking twofish v0.2.0
[INFO] [stderr]     Checking ctr v0.3.2
[INFO] [stderr]     Checking salsa20-core v0.2.3
[INFO] [stderr]     Checking sha2 v0.8.1
[INFO] [stderr]     Checking sha3 v0.8.2
[INFO] [stderr]     Checking sha-1 v0.8.2
[INFO] [stderr]    Compiling jobserver v0.1.21
[INFO] [stderr]    Compiling which v3.1.1
[INFO] [stderr]    Compiling time v0.1.43
[INFO] [stderr]    Compiling num_cpus v1.13.0
[INFO] [stderr]     Checking rand_chacha v0.2.2
[INFO] [stderr]     Checking rand_pcg v0.2.1
[INFO] [stderr]     Checking regex v1.3.7
[INFO] [stderr]     Checking hmac-drbg v0.2.0
[INFO] [stderr]     Checking cuckoofilter v0.3.2
[INFO] [stderr]     Checking aes-ctr v0.3.0
[INFO] [stderr]     Checking salsa20 v0.3.0
[INFO] [stderr]     Checking mio-uds v0.6.7
[INFO] [stderr]    Compiling cc v1.0.50
[INFO] [stderr]     Checking crossbeam-deque v0.7.3
[INFO] [stderr]    Compiling const-random-macro v0.1.8
[INFO] [stderr]    Compiling prost-build v0.6.1
[INFO] [stderr]     Checking rand v0.7.3
[INFO] [stderr]    Compiling chrono v0.4.11
[INFO] [stderr]    Compiling cexpr v0.4.0
[INFO] [stderr]     Checking async-std v1.5.0
[INFO] [stderr]     Checking env_logger v0.7.1
[INFO] [stderr]     Checking const-random v0.1.8
[INFO] [stderr]     Checking ahash v0.2.18
[INFO] [stderr]    Compiling ring v0.16.12
[INFO] [stderr]    Compiling clear_on_drop v0.2.3
[INFO] [stderr]    Compiling libloading v0.5.2
[INFO] [stderr]    Compiling libz-sys v1.0.25
[INFO] [stderr]     Checking libsecp256k1 v0.3.5
[INFO] [stderr]     Checking uuid v0.8.1
[INFO] [stderr]     Checking lru v0.4.3
[INFO] [stderr]    Compiling tempfile v3.1.0
[INFO] [stderr]     Checking flate2 v1.0.14
[INFO] [stderr]     Checking rustyline v6.1.1
[INFO] [stderr]     Checking webpki v0.21.2
[INFO] [stderr]     Checking sct v0.6.0
[INFO] [stderr]     Checking rustls v0.17.0
[INFO] [stderr]     Checking webpki-roots v0.19.0
[INFO] [stderr]     Checking webpki-roots v0.18.0
[INFO] [stderr]    Compiling synstructure v0.12.3
[INFO] [stderr]    Compiling wasm-bindgen-backend v0.2.60
[INFO] [stderr]    Compiling syn-mid v0.5.0
[INFO] [stderr]    Compiling prost-derive v0.6.1
[INFO] [stderr]    Compiling futures-macro v0.3.4
[INFO] [stderr]    Compiling pin-project-internal v0.4.9
[INFO] [stderr]    Compiling zeroize_derive v1.0.0
[INFO] [stderr]    Compiling thiserror-impl v1.0.15
[INFO] [stderr]    Compiling asn1_der_derive v0.1.2
[INFO] [stderr]    Compiling libp2p-core-derive v0.18.0
[INFO] [stderr]    Compiling wasm-bindgen-macro-support v0.2.60
[INFO] [stderr]     Checking asn1_der v0.6.3
[INFO] [stderr]     Checking zeroize v1.1.0
[INFO] [stderr]     Checking curve25519-dalek v2.0.0
[INFO] [stderr]     Checking futures-util v0.3.4
[INFO] [stderr]    Compiling wasm-bindgen-macro v0.2.60
[INFO] [stderr]    Compiling structopt-derive v0.4.6
[INFO] [stderr]     Checking ed25519-dalek v1.0.0-pre.3
[INFO] [stderr]     Checking x25519-dalek v0.6.0
[INFO] [stderr]     Checking thiserror v1.0.15
[INFO] [stderr]     Checking pin-project v0.4.9
[INFO] [stderr]     Checking wasm-bindgen v0.2.60
[INFO] [stderr]    Compiling prost v0.6.1
[INFO] [stderr]     Checking js-sys v0.3.37
[INFO] [stderr]    Compiling prost-types v0.6.1
[INFO] [stderr]     Checking futures-executor v0.3.4
[INFO] [stderr]    Compiling onig_sys v69.2.0 (https://github.com/artichoke/rust-onig?rev=11bc679d45b6799df2866cb4c90e1d542c4ba4c0#11bc679d)
[INFO] [stderr]    Compiling artichoke-backend v0.1.0 (https://github.com/artichoke/artichoke#1bd7af55)
[INFO] [stderr]     Checking futures v0.3.4
[INFO] [stderr]     Checking structopt v0.3.13
[INFO] [stderr]     Checking futures_codec v0.3.4
[INFO] [stderr]     Checking rw-stream-sink v0.2.1
[INFO] [stderr]     Checking wasm-timer v0.2.4
[INFO] [stderr]     Checking async-tls v0.7.0
[INFO] [stderr]     Checking yamux v0.4.5
[INFO] [stderr]     Checking soketto v0.3.2
[INFO] [stderr]     Checking libp2p-pnet v0.18.0
[INFO] [stdout] error: return value of constructor must be a bare path
[INFO] [stdout]     --> /opt/rustwide/cargo-home/registry/src/github.com-1ecc6299db9ec823/js-sys-0.3.37/src/lib.rs:4793:13
[INFO] [stdout]      |
[INFO] [stdout] 4793 | /             /// The
[INFO] [stdout] 4794 | |             #[doc = $ctor]
[INFO] [stdout] 4795 | |             /// constructor creates an array of unsigned 8-bit integers.
[INFO] [stdout] 4796 | |             ///
[INFO] [stdout] ...    |
[INFO] [stdout] 4800 | |             #[wasm_bindgen(constructor)]
[INFO] [stdout] 4801 | |             pub fn new(constructor_arg: &JsValue) -> $name;
[INFO] [stdout]      | |___________________________________________________________^
[INFO] [stdout] ...
[INFO] [stdout] 4997 | / arrays! {
[INFO] [stdout] 4998 | |     /// `Int8Array()`
[INFO] [stdout] 4999 | |     /// https://developer.mozilla.org/en-US/docs/Web/JavaScript/Reference/Global_Objects/Int8Array
[INFO] [stdout] 5000 | |     Int8Array: i8,
[INFO] [stdout] ...    |
[INFO] [stdout] 5032 | |     Float64Array: f64,
[INFO] [stdout] 5033 | | }
[INFO] [stdout]      | |_- in this macro invocation
[INFO] [stdout]      |
[INFO] [stdout]      = note: this error originates in a macro (in Nightly builds, run with -Z macro-backtrace for more info)
[INFO] [stdout] 
[INFO] [stdout] 
[INFO] [stdout] error: return value of constructor must be a bare path
[INFO] [stdout]     --> /opt/rustwide/cargo-home/registry/src/github.com-1ecc6299db9ec823/js-sys-0.3.37/src/lib.rs:4803:13
[INFO] [stdout]      |
[INFO] [stdout] 4803 | /             /// An
[INFO] [stdout] 4804 | |             #[doc = $ctor]
[INFO] [stdout] 4805 | |             /// which creates an array with an internal buffer large
[INFO] [stdout] 4806 | |             /// enough for `length` elements.
[INFO] [stdout] ...    |
[INFO] [stdout] 4811 | |             #[wasm_bindgen(constructor)]
[INFO] [stdout] 4812 | |             pub fn new_with_length(length: u32) -> $name;
[INFO] [stdout]      | |_________________________________________________________^
[INFO] [stdout] ...
[INFO] [stdout] 4997 | / arrays! {
[INFO] [stdout] 4998 | |     /// `Int8Array()`
[INFO] [stdout] 4999 | |     /// https://developer.mozilla.org/en-US/docs/Web/JavaScript/Reference/Global_Objects/Int8Array
[INFO] [stdout] 5000 | |     Int8Array: i8,
[INFO] [stdout] ...    |
[INFO] [stdout] 5032 | |     Float64Array: f64,
[INFO] [stdout] 5033 | | }
[INFO] [stdout]      | |_- in this macro invocation
[INFO] [stdout]      |
[INFO] [stdout]      = note: this error originates in a macro (in Nightly builds, run with -Z macro-backtrace for more info)
[INFO] [stdout] 
[INFO] [stdout] 
[INFO] [stdout] error: return value of constructor must be a bare path
[INFO] [stdout]     --> /opt/rustwide/cargo-home/registry/src/github.com-1ecc6299db9ec823/js-sys-0.3.37/src/lib.rs:4814:13
[INFO] [stdout]      |
[INFO] [stdout] 4814 | /             /// An
[INFO] [stdout] 4815 | |             #[doc = $ctor]
[INFO] [stdout] 4816 | |             /// which creates an array with the given buffer but is a
[INFO] [stdout] 4817 | |             /// view starting at `byte_offset`.
[INFO] [stdout] ...    |
[INFO] [stdout] 4822 | |             #[wasm_bindgen(constructor)]
[INFO] [stdout] 4823 | |             pub fn new_with_byte_offset(buffer: &JsValue, byte_offset: u32) -> $name;
[INFO] [stdout]      | |_____________________________________________________________________________________^
[INFO] [stdout] ...
[INFO] [stdout] 4997 | / arrays! {
[INFO] [stdout] 4998 | |     /// `Int8Array()`
[INFO] [stdout] 4999 | |     /// https://developer.mozilla.org/en-US/docs/Web/JavaScript/Reference/Global_Objects/Int8Array
[INFO] [stdout] 5000 | |     Int8Array: i8,
[INFO] [stdout] ...    |
[INFO] [stdout] 5032 | |     Float64Array: f64,
[INFO] [stdout] 5033 | | }
[INFO] [stdout]      | |_- in this macro invocation
[INFO] [stdout]      |
[INFO] [stdout]      = note: this error originates in a macro (in Nightly builds, run with -Z macro-backtrace for more info)
[INFO] [stdout] 
[INFO] [stdout] 
[INFO] [stdout] error: return value of constructor must be a bare path
[INFO] [stdout]     --> /opt/rustwide/cargo-home/registry/src/github.com-1ecc6299db9ec823/js-sys-0.3.37/src/lib.rs:4825:13
[INFO] [stdout]      |
[INFO] [stdout] 4825 | /             /// An
[INFO] [stdout] 4826 | |             #[doc = $ctor]
[INFO] [stdout] 4827 | |             /// which creates an array with the given buffer but is a
[INFO] [stdout] 4828 | |             /// view starting at `byte_offset` for `length` elements.
[INFO] [stdout] ...    |
[INFO] [stdout] 4837 | |                 length: u32,
[INFO] [stdout] 4838 | |             ) -> $name;
[INFO] [stdout]      | |_______________________^
[INFO] [stdout] ...
[INFO] [stdout] 4997 | / arrays! {
[INFO] [stdout] 4998 | |     /// `Int8Array()`
[INFO] [stdout] 4999 | |     /// https://developer.mozilla.org/en-US/docs/Web/JavaScript/Reference/Global_Objects/Int8Array
[INFO] [stdout] 5000 | |     Int8Array: i8,
[INFO] [stdout] ...    |
[INFO] [stdout] 5032 | |     Float64Array: f64,
[INFO] [stdout] 5033 | | }
[INFO] [stdout]      | |_- in this macro invocation
[INFO] [stdout]      |
[INFO] [stdout]      = note: this error originates in a macro (in Nightly builds, run with -Z macro-backtrace for more info)
[INFO] [stdout] 
[INFO] [stdout] 
[INFO] [stdout] error: first argument of method must be a path
[INFO] [stdout]     --> /opt/rustwide/cargo-home/registry/src/github.com-1ecc6299db9ec823/js-sys-0.3.37/src/lib.rs:4845:32
[INFO] [stdout]      |
[INFO] [stdout] 4845 |               pub fn fill(this: &$name, value: $ty, start: u32, end: u32) -> $name;
[INFO] [stdout]      |                                  ^^^^^
[INFO] [stdout] ...
[INFO] [stdout] 4997 | / arrays! {
[INFO] [stdout] 4998 | |     /// `Int8Array()`
[INFO] [stdout] 4999 | |     /// https://developer.mozilla.org/en-US/docs/Web/JavaScript/Reference/Global_Objects/Int8Array
[INFO] [stdout] 5000 | |     Int8Array: i8,
[INFO] [stdout] ...    |
[INFO] [stdout] 5032 | |     Float64Array: f64,
[INFO] [stdout] 5033 | | }
[INFO] [stdout]      | |_- in this macro invocation
[INFO] [stdout]      |
[INFO] [stdout]      = note: this error originates in a macro (in Nightly builds, run with -Z macro-backtrace for more info)
[INFO] [stdout] 
[INFO] [stdout] 
[INFO] [stdout] error: first argument of method must be a path
[INFO] [stdout]     --> /opt/rustwide/cargo-home/registry/src/github.com-1ecc6299db9ec823/js-sys-0.3.37/src/lib.rs:4850:34
[INFO] [stdout]      |
[INFO] [stdout] 4850 |               pub fn buffer(this: &$name) -> ArrayBuffer;
[INFO] [stdout]      |                                    ^^^^^
[INFO] [stdout] ...
[INFO] [stdout] 4997 | / arrays! {
[INFO] [stdout] 4998 | |     /// `Int8Array()`
[INFO] [stdout] 4999 | |     /// https://developer.mozilla.org/en-US/docs/Web/JavaScript/Reference/Global_Objects/Int8Array
[INFO] [stdout] 5000 | |     Int8Array: i8,
[INFO] [stdout] ...    |
[INFO] [stdout] 5032 | |     Float64Array: f64,
[INFO] [stdout] 5033 | | }
[INFO] [stdout]      | |_- in this macro invocation
[INFO] [stdout]      |
[INFO] [stdout]      = note: this error originates in a macro (in Nightly builds, run with -Z macro-backtrace for more info)
[INFO] [stdout] 
[INFO] [stdout] 
[INFO] [stderr]     Checking unsigned-varint v0.3.3
[INFO] [stdout] error: first argument of method must be a path
[INFO] [stdout]     --> /opt/rustwide/cargo-home/registry/src/github.com-1ecc6299db9ec823/js-sys-0.3.37/src/lib.rs:4856:36
[INFO] [stdout]      |
[INFO] [stdout] 4856 |               pub fn subarray(this: &$name, begin: u32, end: u32) -> $name;
[INFO] [stdout]      |                                      ^^^^^
[INFO] [stdout] ...
[INFO] [stdout] 4997 | / arrays! {
[INFO] [stdout] 4998 | |     /// `Int8Array()`
[INFO] [stdout] 4999 | |     /// https://developer.mozilla.org/en-US/docs/Web/JavaScript/Reference/Global_Objects/Int8Array
[INFO] [stdout] 5000 | |     Int8Array: i8,
[INFO] [stdout] ...    |
[INFO] [stdout] 5032 | |     Float64Array: f64,
[INFO] [stdout] 5033 | | }
[INFO] [stdout]      | |_- in this macro invocation
[INFO] [stdout]      |
[INFO] [stdout]      = note: this error originates in a macro (in Nightly builds, run with -Z macro-backtrace for more info)
[INFO] [stdout] 
[INFO] [stdout] 
[INFO] [stdout] error: first argument of method must be a path
[INFO] [stdout]     --> /opt/rustwide/cargo-home/registry/src/github.com-1ecc6299db9ec823/js-sys-0.3.37/src/lib.rs:4862:33
[INFO] [stdout]      |
[INFO] [stdout] 4862 |               pub fn slice(this: &$name, begin: u32, end: u32) -> $name;
[INFO] [stdout]      |                                   ^^^^^
[INFO] [stdout] ...
[INFO] [stdout] 4997 | / arrays! {
[INFO] [stdout] 4998 | |     /// `Int8Array()`
[INFO] [stdout] 4999 | |     /// https://developer.mozilla.org/en-US/docs/Web/JavaScript/Reference/Global_Objects/Int8Array
[INFO] [stdout] 5000 | |     Int8Array: i8,
[INFO] [stdout] ...    |
[INFO] [stdout] 5032 | |     Float64Array: f64,
[INFO] [stdout] 5033 | | }
[INFO] [stdout]      | |_- in this macro invocation
[INFO] [stdout]      |
[INFO] [stdout]      = note: this error originates in a macro (in Nightly builds, run with -Z macro-backtrace for more info)
[INFO] [stdout] 
[INFO] [stdout] 
[INFO] [stdout] error: first argument of method must be a path
[INFO] [stdout]     --> /opt/rustwide/cargo-home/registry/src/github.com-1ecc6299db9ec823/js-sys-0.3.37/src/lib.rs:4869:36
[INFO] [stdout]      |
[INFO] [stdout] 4869 |               pub fn for_each(this: &$name, callback: &mut dyn FnMut($ty, u32, $name));
[INFO] [stdout]      |                                      ^^^^^
[INFO] [stdout] ...
[INFO] [stdout] 4997 | / arrays! {
[INFO] [stdout] 4998 | |     /// `Int8Array()`
[INFO] [stdout] 4999 | |     /// https://developer.mozilla.org/en-US/docs/Web/JavaScript/Reference/Global_Objects/Int8Array
[INFO] [stdout] 5000 | |     Int8Array: i8,
[INFO] [stdout] ...    |
[INFO] [stdout] 5032 | |     Float64Array: f64,
[INFO] [stdout] 5033 | | }
[INFO] [stdout]      | |_- in this macro invocation
[INFO] [stdout]      |
[INFO] [stdout]      = note: this error originates in a macro (in Nightly builds, run with -Z macro-backtrace for more info)
[INFO] [stdout] 
[INFO] [stdout] 
[INFO] [stdout] error: first argument of method must be a path
[INFO] [stdout]     --> /opt/rustwide/cargo-home/registry/src/github.com-1ecc6299db9ec823/js-sys-0.3.37/src/lib.rs:4874:34
[INFO] [stdout]      |
[INFO] [stdout] 4874 |               pub fn length(this: &$name) -> u32;
[INFO] [stdout]      |                                    ^^^^^
[INFO] [stdout] ...
[INFO] [stdout] 4997 | / arrays! {
[INFO] [stdout] 4998 | |     /// `Int8Array()`
[INFO] [stdout] 4999 | |     /// https://developer.mozilla.org/en-US/docs/Web/JavaScript/Reference/Global_Objects/Int8Array
[INFO] [stdout] 5000 | |     Int8Array: i8,
[INFO] [stdout] ...    |
[INFO] [stdout] 5032 | |     Float64Array: f64,
[INFO] [stdout] 5033 | | }
[INFO] [stdout]      | |_- in this macro invocation
[INFO] [stdout]      |
[INFO] [stdout]      = note: this error originates in a macro (in Nightly builds, run with -Z macro-backtrace for more info)
[INFO] [stdout] 
[INFO] [stdout] 
[INFO] [stdout] error: first argument of method must be a path
[INFO] [stdout]     --> /opt/rustwide/cargo-home/registry/src/github.com-1ecc6299db9ec823/js-sys-0.3.37/src/lib.rs:4879:39
[INFO] [stdout]      |
[INFO] [stdout] 4879 |               pub fn byte_length(this: &$name) -> u32;
[INFO] [stdout]      |                                         ^^^^^
[INFO] [stdout] ...
[INFO] [stdout] 4997 | / arrays! {
[INFO] [stdout] 4998 | |     /// `Int8Array()`
[INFO] [stdout] 4999 | |     /// https://developer.mozilla.org/en-US/docs/Web/JavaScript/Reference/Global_Objects/Int8Array
[INFO] [stdout] 5000 | |     Int8Array: i8,
[INFO] [stdout] ...    |
[INFO] [stdout] 5032 | |     Float64Array: f64,
[INFO] [stdout] 5033 | | }
[INFO] [stdout]      | |_- in this macro invocation
[INFO] [stdout]      |
[INFO] [stdout]      = note: this error originates in a macro (in Nightly builds, run with -Z macro-backtrace for more info)
[INFO] [stdout] 
[INFO] [stdout] 
[INFO] [stdout] error: first argument of method must be a path
[INFO] [stdout]     --> /opt/rustwide/cargo-home/registry/src/github.com-1ecc6299db9ec823/js-sys-0.3.37/src/lib.rs:4884:39
[INFO] [stdout]      |
[INFO] [stdout] 4884 |               pub fn byte_offset(this: &$name) -> u32;
[INFO] [stdout]      |                                         ^^^^^
[INFO] [stdout] ...
[INFO] [stdout] 4997 | / arrays! {
[INFO] [stdout] 4998 | |     /// `Int8Array()`
[INFO] [stdout] 4999 | |     /// https://developer.mozilla.org/en-US/docs/Web/JavaScript/Reference/Global_Objects/Int8Array
[INFO] [stdout] 5000 | |     Int8Array: i8,
[INFO] [stdout] ...    |
[INFO] [stdout] 5032 | |     Float64Array: f64,
[INFO] [stdout] 5033 | | }
[INFO] [stdout]      | |_- in this macro invocation
[INFO] [stdout]      |
[INFO] [stdout]      = note: this error originates in a macro (in Nightly builds, run with -Z macro-backtrace for more info)
[INFO] [stdout] 
[INFO] [stdout] 
[INFO] [stdout] error: first argument of method must be a path
[INFO] [stdout]     --> /opt/rustwide/cargo-home/registry/src/github.com-1ecc6299db9ec823/js-sys-0.3.37/src/lib.rs:4889:31
[INFO] [stdout]      |
[INFO] [stdout] 4889 |               pub fn set(this: &$name, src: &JsValue, offset: u32);
[INFO] [stdout]      |                                 ^^^^^
[INFO] [stdout] ...
[INFO] [stdout] 4997 | / arrays! {
[INFO] [stdout] 4998 | |     /// `Int8Array()`
[INFO] [stdout] 4999 | |     /// https://developer.mozilla.org/en-US/docs/Web/JavaScript/Reference/Global_Objects/Int8Array
[INFO] [stdout] 5000 | |     Int8Array: i8,
[INFO] [stdout] ...    |
[INFO] [stdout] 5032 | |     Float64Array: f64,
[INFO] [stdout] 5033 | | }
[INFO] [stdout]      | |_- in this macro invocation
[INFO] [stdout]      |
[INFO] [stdout]      = note: this error originates in a macro (in Nightly builds, run with -Z macro-backtrace for more info)
[INFO] [stdout] 
[INFO] [stdout] 
[INFO] [stdout] error: first argument of method must be a path
[INFO] [stdout]     --> /opt/rustwide/cargo-home/registry/src/github.com-1ecc6299db9ec823/js-sys-0.3.37/src/lib.rs:4893:37
[INFO] [stdout]      |
[INFO] [stdout] 4893 |               pub fn get_index(this: &$name, idx: u32) -> $ty;
[INFO] [stdout]      |                                       ^^^^^
[INFO] [stdout] ...
[INFO] [stdout] 4997 | / arrays! {
[INFO] [stdout] 4998 | |     /// `Int8Array()`
[INFO] [stdout] 4999 | |     /// https://developer.mozilla.org/en-US/docs/Web/JavaScript/Reference/Global_Objects/Int8Array
[INFO] [stdout] 5000 | |     Int8Array: i8,
[INFO] [stdout] ...    |
[INFO] [stdout] 5032 | |     Float64Array: f64,
[INFO] [stdout] 5033 | | }
[INFO] [stdout]      | |_- in this macro invocation
[INFO] [stdout]      |
[INFO] [stdout]      = note: this error originates in a macro (in Nightly builds, run with -Z macro-backtrace for more info)
[INFO] [stdout] 
[INFO] [stdout] 
[INFO] [stdout] error: first argument of method must be a path
[INFO] [stdout]     --> /opt/rustwide/cargo-home/registry/src/github.com-1ecc6299db9ec823/js-sys-0.3.37/src/lib.rs:4897:37
[INFO] [stdout]      |
[INFO] [stdout] 4897 |               pub fn set_index(this: &$name, idx: u32, value: $ty);
[INFO] [stdout]      |                                       ^^^^^
[INFO] [stdout] ...
[INFO] [stdout] 4997 | / arrays! {
[INFO] [stdout] 4998 | |     /// `Int8Array()`
[INFO] [stdout] 4999 | |     /// https://developer.mozilla.org/en-US/docs/Web/JavaScript/Reference/Global_Objects/Int8Array
[INFO] [stdout] 5000 | |     Int8Array: i8,
[INFO] [stdout] ...    |
[INFO] [stdout] 5032 | |     Float64Array: f64,
[INFO] [stdout] 5033 | | }
[INFO] [stdout]      | |_- in this macro invocation
[INFO] [stdout]      |
[INFO] [stdout]      = note: this error originates in a macro (in Nightly builds, run with -Z macro-backtrace for more info)
[INFO] [stdout] 
[INFO] [stdout] 
[INFO] [stdout] error[E0433]: failed to resolve: use of undeclared type or module `Int8Array`
[INFO] [stdout]     --> /opt/rustwide/cargo-home/registry/src/github.com-1ecc6299db9ec823/js-sys-0.3.37/src/lib.rs:5000:5
[INFO] [stdout]      |
[INFO] [stdout] 5000 |     Int8Array: i8,
[INFO] [stdout]      |     ^^^^^^^^^ use of undeclared type or module `Int8Array`
[INFO] [stdout] 
[INFO] [stdout] 
[INFO] [stdout] error[E0433]: failed to resolve: use of undeclared type or module `Int16Array`
[INFO] [stdout]     --> /opt/rustwide/cargo-home/registry/src/github.com-1ecc6299db9ec823/js-sys-0.3.37/src/lib.rs:5004:5
[INFO] [stdout]      |
[INFO] [stdout] 5004 |     Int16Array: i16,
[INFO] [stdout]      |     ^^^^^^^^^^ use of undeclared type or module `Int16Array`
[INFO] [stdout] 
[INFO] [stdout] 
[INFO] [stdout] error[E0433]: failed to resolve: use of undeclared type or module `Int32Array`
[INFO] [stdout]     --> /opt/rustwide/cargo-home/registry/src/github.com-1ecc6299db9ec823/js-sys-0.3.37/src/lib.rs:5008:5
[INFO] [stdout]      |
[INFO] [stdout] 5008 |     Int32Array: i32,
[INFO] [stdout]      |     ^^^^^^^^^^ use of undeclared type or module `Int32Array`
[INFO] [stdout] 
[INFO] [stdout] 
[INFO] [stdout] error[E0433]: failed to resolve: use of undeclared type or module `Uint8Array`
[INFO] [stdout]     --> /opt/rustwide/cargo-home/registry/src/github.com-1ecc6299db9ec823/js-sys-0.3.37/src/lib.rs:5012:5
[INFO] [stdout]      |
[INFO] [stdout] 5012 |     Uint8Array: u8,
[INFO] [stdout]      |     ^^^^^^^^^^ use of undeclared type or module `Uint8Array`
[INFO] [stdout] 
[INFO] [stdout] 
[INFO] [stdout] error[E0433]: failed to resolve: use of undeclared type or module `Uint8ClampedArray`
[INFO] [stdout]     --> /opt/rustwide/cargo-home/registry/src/github.com-1ecc6299db9ec823/js-sys-0.3.37/src/lib.rs:5016:5
[INFO] [stdout]      |
[INFO] [stdout] 5016 |     Uint8ClampedArray: u8,
[INFO] [stdout]      |     ^^^^^^^^^^^^^^^^^ use of undeclared type or module `Uint8ClampedArray`
[INFO] [stdout] 
[INFO] [stdout] 
[INFO] [stdout] error[E0433]: failed to resolve: use of undeclared type or module `Uint16Array`
[INFO] [stdout]     --> /opt/rustwide/cargo-home/registry/src/github.com-1ecc6299db9ec823/js-sys-0.3.37/src/lib.rs:5020:5
[INFO] [stdout]      |
[INFO] [stdout] 5020 |     Uint16Array: u16,
[INFO] [stdout]      |     ^^^^^^^^^^^ use of undeclared type or module `Uint16Array`
[INFO] [stdout] 
[INFO] [stdout] 
[INFO] [stdout] error[E0433]: failed to resolve: use of undeclared type or module `Uint32Array`
[INFO] [stdout]     --> /opt/rustwide/cargo-home/registry/src/github.com-1ecc6299db9ec823/js-sys-0.3.37/src/lib.rs:5024:5
[INFO] [stdout]      |
[INFO] [stdout] 5024 |     Uint32Array: u32,
[INFO] [stdout]      |     ^^^^^^^^^^^ use of undeclared type or module `Uint32Array`
[INFO] [stdout] 
[INFO] [stdout] 
[INFO] [stdout] error[E0433]: failed to resolve: use of undeclared type or module `Float32Array`
[INFO] [stdout]     --> /opt/rustwide/cargo-home/registry/src/github.com-1ecc6299db9ec823/js-sys-0.3.37/src/lib.rs:5028:5
[INFO] [stdout]      |
[INFO] [stdout] 5028 |     Float32Array: f32,
[INFO] [stdout]      |     ^^^^^^^^^^^^ use of undeclared type or module `Float32Array`
[INFO] [stdout] 
[INFO] [stdout] 
[INFO] [stderr]     Checking multihash v0.10.1
[INFO] [stderr]     Checking multistream-select v0.8.0
[INFO] [stdout] error[E0433]: failed to resolve: use of undeclared type or module `Float64Array`
[INFO] [stdout]     --> /opt/rustwide/cargo-home/registry/src/github.com-1ecc6299db9ec823/js-sys-0.3.37/src/lib.rs:5032:5
[INFO] [stdout]      |
[INFO] [stdout] 5032 |     Float64Array: f64,
[INFO] [stdout]      |     ^^^^^^^^^^^^ use of undeclared type or module `Float64Array`
[INFO] [stdout] 
[INFO] [stdout] 
[INFO] [stdout] error[E0412]: cannot find type `Int32Array` in this scope
[INFO] [stdout]    --> /opt/rustwide/cargo-home/registry/src/github.com-1ecc6299db9ec823/js-sys-0.3.37/src/lib.rs:700:37
[INFO] [stdout]     |
[INFO] [stdout] 700 |         pub fn notify(typed_array: &Int32Array, index: u32) -> Result<u32, JsValue>;
[INFO] [stdout]     |                                     ^^^^^^^^^^ not found in this scope
[INFO] [stdout] 
[INFO] [stdout] 
[INFO] [stdout] error[E0412]: cannot find type `Int32Array` in this scope
[INFO] [stdout]    --> /opt/rustwide/cargo-home/registry/src/github.com-1ecc6299db9ec823/js-sys-0.3.37/src/lib.rs:705:27
[INFO] [stdout]     |
[INFO] [stdout] 705 |             typed_array: &Int32Array,
[INFO] [stdout]     |                           ^^^^^^^^^^ not found in this scope
[INFO] [stdout] 
[INFO] [stdout] 
[INFO] [stdout] error[E0412]: cannot find type `Int32Array` in this scope
[INFO] [stdout]    --> /opt/rustwide/cargo-home/registry/src/github.com-1ecc6299db9ec823/js-sys-0.3.37/src/lib.rs:744:35
[INFO] [stdout]     |
[INFO] [stdout] 744 |         pub fn wait(typed_array: &Int32Array, index: u32, value: i32) -> Result<JsString, JsValue>;
[INFO] [stdout]     |                                   ^^^^^^^^^^ not found in this scope
[INFO] [stdout] 
[INFO] [stdout] 
[INFO] [stdout] error[E0412]: cannot find type `Int32Array` in this scope
[INFO] [stdout]    --> /opt/rustwide/cargo-home/registry/src/github.com-1ecc6299db9ec823/js-sys-0.3.37/src/lib.rs:751:27
[INFO] [stdout]     |
[INFO] [stdout] 751 |             typed_array: &Int32Array,
[INFO] [stdout]     |                           ^^^^^^^^^^ not found in this scope
[INFO] [stdout] 
[INFO] [stdout] 
[INFO] [stdout] error[E0412]: cannot find type `Int8Array` in this scope
[INFO] [stdout]     --> /opt/rustwide/cargo-home/registry/src/github.com-1ecc6299db9ec823/js-sys-0.3.37/src/lib.rs:5000:5
[INFO] [stdout]      |
[INFO] [stdout] 5000 |     Int8Array: i8,
[INFO] [stdout]      |     ^^^^^^^^^ not found in this scope
[INFO] [stdout] 
[INFO] [stdout] 
[INFO] [stdout] error[E0412]: cannot find type `Int16Array` in this scope
[INFO] [stdout]     --> /opt/rustwide/cargo-home/registry/src/github.com-1ecc6299db9ec823/js-sys-0.3.37/src/lib.rs:5004:5
[INFO] [stdout]      |
[INFO] [stdout] 5004 |     Int16Array: i16,
[INFO] [stdout]      |     ^^^^^^^^^^ not found in this scope
[INFO] [stdout] 
[INFO] [stdout] 
[INFO] [stdout] error[E0412]: cannot find type `Int32Array` in this scope
[INFO] [stdout]     --> /opt/rustwide/cargo-home/registry/src/github.com-1ecc6299db9ec823/js-sys-0.3.37/src/lib.rs:5008:5
[INFO] [stdout]      |
[INFO] [stdout] 5008 |     Int32Array: i32,
[INFO] [stdout]      |     ^^^^^^^^^^ not found in this scope
[INFO] [stdout] 
[INFO] [stdout] 
[INFO] [stdout] error[E0412]: cannot find type `Uint8Array` in this scope
[INFO] [stdout]     --> /opt/rustwide/cargo-home/registry/src/github.com-1ecc6299db9ec823/js-sys-0.3.37/src/lib.rs:5012:5
[INFO] [stdout]      |
[INFO] [stdout] 5012 |     Uint8Array: u8,
[INFO] [stdout]      |     ^^^^^^^^^^ not found in this scope
[INFO] [stdout] 
[INFO] [stdout] 
[INFO] [stdout] error[E0412]: cannot find type `Uint8ClampedArray` in this scope
[INFO] [stdout]     --> /opt/rustwide/cargo-home/registry/src/github.com-1ecc6299db9ec823/js-sys-0.3.37/src/lib.rs:5016:5
[INFO] [stdout]      |
[INFO] [stdout] 5016 |     Uint8ClampedArray: u8,
[INFO] [stdout]      |     ^^^^^^^^^^^^^^^^^ not found in this scope
[INFO] [stdout] 
[INFO] [stdout] 
[INFO] [stdout] error[E0412]: cannot find type `Uint16Array` in this scope
[INFO] [stdout]     --> /opt/rustwide/cargo-home/registry/src/github.com-1ecc6299db9ec823/js-sys-0.3.37/src/lib.rs:5020:5
[INFO] [stdout]      |
[INFO] [stdout] 5020 |     Uint16Array: u16,
[INFO] [stdout]      |     ^^^^^^^^^^^ not found in this scope
[INFO] [stdout] 
[INFO] [stdout] 
[INFO] [stdout] error[E0412]: cannot find type `Uint32Array` in this scope
[INFO] [stdout]     --> /opt/rustwide/cargo-home/registry/src/github.com-1ecc6299db9ec823/js-sys-0.3.37/src/lib.rs:5024:5
[INFO] [stdout]      |
[INFO] [stdout] 5024 |     Uint32Array: u32,
[INFO] [stdout]      |     ^^^^^^^^^^^ not found in this scope
[INFO] [stdout] 
[INFO] [stdout] 
[INFO] [stdout] error[E0412]: cannot find type `Float32Array` in this scope
[INFO] [stdout]     --> /opt/rustwide/cargo-home/registry/src/github.com-1ecc6299db9ec823/js-sys-0.3.37/src/lib.rs:5028:5
[INFO] [stdout]      |
[INFO] [stdout] 5028 |     Float32Array: f32,
[INFO] [stdout]      |     ^^^^^^^^^^^^ not found in this scope
[INFO] [stdout] 
[INFO] [stdout] 
[INFO] [stdout] error[E0412]: cannot find type `Float64Array` in this scope
[INFO] [stdout]     --> /opt/rustwide/cargo-home/registry/src/github.com-1ecc6299db9ec823/js-sys-0.3.37/src/lib.rs:5032:5
[INFO] [stdout]      |
[INFO] [stdout] 5032 |     Float64Array: f64,
[INFO] [stdout]      |     ^^^^^^^^^^^^ not found in this scope
[INFO] [stdout] 
[INFO] [stdout] 
[INFO] [stderr]     Checking parity-multiaddr v0.8.0
[INFO] [stdout] error: aborting due to 37 previous errors
[INFO] [stdout] 
[INFO] [stdout] 
[INFO] [stdout] Some errors have detailed explanations: E0412, E0433.
[INFO] [stdout] 
[INFO] [stdout] For more information about an error, try `rustc --explain E0412`.
[INFO] [stdout] 
[INFO] [stderr] error: could not compile `js-sys`.
[INFO] [stderr] 
[INFO] [stderr] To learn more, run the command again with --verbose.
[INFO] [stderr] warning: build failed, waiting for other jobs to finish...
[INFO] [stderr] error: build failed
[INFO] running `Command { std: "docker" "inspect" "333340b2e7580a43dd62394481eca5f57cc2f3a76679f7eac13bae56b99578be", kill_on_drop: false }`
[INFO] running `Command { std: "docker" "rm" "-f" "333340b2e7580a43dd62394481eca5f57cc2f3a76679f7eac13bae56b99578be", kill_on_drop: false }`
[INFO] [stdout] 333340b2e7580a43dd62394481eca5f57cc2f3a76679f7eac13bae56b99578be
